(5). Suppose -15 = l*z, 2*i + 0*i - 3*z = 957. Is i a prime number?
False
Suppose 0 = 5*d - 0*c + 4*c - 2494, -4*c = 3*d - 1490. Let m = d + -167. Is m a composite number?
True
Suppose 5*o + 3*q + 112 = 0, 80 = -3*o - 5*q - 0. Let w be (-50)/o*(-16)/(-10). Suppose -w*s - 2 = -10, u = -3*s + 185. Is u a composite number?
False
Let b(w) = -2*w**2 - 2*w + 4. Let g be b(-3). Let h be -51*((-20)/(-12))/(-5). Let m = g + h. Is m prime?
False
Suppose 2*q + p + 144 = 0, 0*p = 2*q - 5*p + 168. Suppose 0*c + 5*c = 1265. Let b = q + c. Is b prime?
True
Suppose 13*a - 4110 = 3*a. Is a prime?
False
Let k be (-881)/(-2) + 6/(-4). Let j be (k + -4)*(-1)/(-3). Suppose a - j - 46 = 0. Is a composite?
False
Is (-7724)/3*9/(-12) a composite number?
False
Let i = -10 - -20. Suppose -6*v + 4 - i = 0. Is v*(1 - (-2 - -160)) prime?
True
Let k = 22147 - 14914. Is k prime?
False
Let t be 35367 - (5 - 4 - (2 + 0)). Suppose 0*h = -8*h + t. Is h composite?
False
Suppose -4*r - 3*a = -36454, 36458 = -5*r + 9*r + a. Is r a composite number?
True
Suppose 2*w - 1 = -u, -2*w - 23 = -5*u - 6. Is (-3 + -98)*w + 2 a prime number?
True
Let w be 0/1 + (12 - 9). Suppose -2*b - w*z = b - 21, -27 = -b - 5*z. Suppose 3*c = b*c + 89. Is c a composite number?
False
Let y(v) = 8436*v**2 - 3*v + 2. Is y(-1) a composite number?
True
Let s(w) = -12 + 12*w**2 + 23*w + w**3 - 17*w - 8*w. Is s(-11) prime?
True
Let v = 1670 - 961. Suppose 0 = -7*y + v + 2644. Is y prime?
True
Suppose -9*i = -3*q - 14*i + 27612, 4*q + 2*i - 36802 = 0. Is q prime?
True
Suppose -5*i = -2*i - 36. Let l = 15 - i. Suppose -576 = -5*n + 2*u + 311, -l*n = -4*u - 521. Is n a prime number?
True
Suppose -4*f + g = -74, -5*f - 2*g + 80 = 3*g. Is 3125/6 + (1 - 15/f) composite?
False
Let r(g) = -127*g - 5. Let f be r(-2). Suppose -f - 171 = 4*q. Is (-58095)/q - (-4)/(-14) a prime number?
False
Let g = 63 - 39. Let t = g + -21. Suppose 0 = 3*w - 2*x - 253, 0 = -w + t*w + x - 164. Is w prime?
True
Let v(j) = 11*j - 1 + 3*j**2 - 3*j**2 - 5 - j**2 - j**3. Is v(-7) a prime number?
True
Let o(f) = 22*f**2. Let u(b) be the second derivative of b**5/20 - b**4/4 + b**3/3 + b**2/2 + 3*b. Let h be u(2). Is o(h) a prime number?
False
Suppose 3*h - 1 - 5 = 0, -h = -3*n + 11584. Is n a composite number?
True
Let j be 17 - 14 - (-5)/1. Is (-6)/j*3016/(-26) a composite number?
True
Suppose -4*s = s + f - 35718, 0 = -4*s + 5*f + 28557. Suppose 7*j - s - 242 = 0. Is j a composite number?
True
Suppose -93392 = 17*a - 33*a. Is a a prime number?
False
Is -1*(-5)/((-40)/(-122072)) a composite number?
False
Suppose f + f - 1194 = -3*w, w + f - 397 = 0. Let n = -689 + 488. Let b = w + n. Is b composite?
False
Let o(q) = q - 1. Let y(n) = -4*n - 1. Let v(m) = 6*o(m) + y(m). Let f be v(6). Suppose -12 = -f*z + 43. Is z a prime number?
True
Let n(u) = 16319*u**2 + 9*u + 9. Is n(-1) composite?
False
Let o(l) be the second derivative of -329*l**3/6 - 3*l**2 - 15*l. Is o(-1) prime?
False
Suppose 6399 + 12669 = 2*t - s, 5*t - 4*s = 47667. Is t a prime number?
False
Suppose 0 = -10*s + 13*s. Suppose 18*x - 13*x - 8785 = s. Is x prime?
False
Let j(o) be the second derivative of -o**4/6 + 473*o**2/2 - 2*o. Is j(0) a prime number?
False
Let z(m) = -82*m**2 - 4*m + 3. Let g(c) = -83*c**2 - 5*c + 2. Let d(k) = 2*g(k) - 3*z(k). Is d(-3) prime?
True
Suppose 0 = 2*h - 5*n - 26, 5*n = -4*h + n - 4. Suppose -2*v + 5 = -h. Suppose 2*d + 3*d + 20 = 0, 0 = 3*s + v*d - 329. Is s composite?
True
Suppose -25*q + 23*q = 0. Suppose -5*i - 3*p - p + 1289 = q, -i = 4*p - 261. Is i a composite number?
False
Let r(l) be the third derivative of -l**6/120 - l**5/60 + l**3/3 + 2*l**2. Let k be r(-2). Suppose 214 = z + 3*z - 5*o, k = -3*o. Is z prime?
False
Suppose 3*q - 1989 = 3*b, 0 = q - 4*q - 5*b + 1965. Suppose 3*o + 0*o = q. Suppose 4*v + 2*f - 300 = o, 4 = -2*f. Is v a composite number?
False
Suppose 0*x = 5*b - x - 9, -2*b + 5*x - 1 = 0. Let h be (5 + b)*(-53)/1. Let c = h - -858. Is c composite?
False
Let j = 6452 - 3900. Is j/3 + (-2)/(24/(-4)) composite?
True
Let q(u) = -56*u + 391. Is q(-18) prime?
True
Let w be ((1 - 1039)*1)/(-2). Let g = -8 + 10. Is w/(g/2) - 2 prime?
False
Let z = 3625 + -8146. Is (-12)/(-20) - z/15 composite?
True
Suppose 88 = -0*y + 4*y. Let q = y + 519. Is q composite?
False
Suppose 0 = -47*l + 9647 + 4124. Is l a prime number?
True
Suppose -w = -2*w + 1. Suppose -q + 2*q = -w. Is q - -394 - 0/14 prime?
False
Let f(q) = 15*q**2 + 9*q + 5. Suppose -4*u + 6 = -2*u, -2*z - 2*u + 42 = 0. Suppose -z = -2*b + 5*b. Is f(b) a composite number?
False
Suppose 13*s = 4*s + 4959. Let d = -300 + s. Is d prime?
True
Let h = 33529 - 23576. Is h a prime number?
False
Suppose 0 = 3*t + 2*a - 24459, -4*t + 3*a + 7491 + 25121 = 0. Is t prime?
False
Let s = 1008 - 569. Is s a prime number?
True
Suppose -n + 6015 = -c - 1644, 5*n + 5*c = 38315. Is n a composite number?
True
Let z(u) = u**3 + 10*u**2 + 9*u - 5. Let g be -1 - (0 + -26 + -1). Suppose -2*d + g = -3*t - 4*d, -36 = 4*t + 4*d. Is z(t) a prime number?
False
Let h(j) = 6*j**3 - 4*j - 3*j**3 + 2*j - 5*j**2 + 11 - 2. Let r be h(5). Suppose -v = -4*g - 97, -3*v = -0*v + 2*g - r. Is v prime?
False
Suppose -2*v = -0*v - 28. Let m = v - 11. Suppose j - 36 = -l, -4*j - j = -m*l - 164. Is j a prime number?
False
Suppose -q + 5 = 2*p, -85 = -4*q + 6*p - p. Suppose -k - b + 2*b = -7, 0 = -3*b - q. Suppose -v - k*v = -57. Is v a prime number?
True
Let s(x) = -x**3 + 3*x + 3. Let l be s(-2). Let k(w) = -w**3 + 9*w**2 - 5*w + 4. Is k(l) a prime number?
True
Let s = 5276 - 1585. Is s a prime number?
True
Is -1*(120796/(-10) + 33/55) a composite number?
True
Is (15 + -14)*(2922 - 1) a composite number?
True
Suppose -3131 = -v - 970. Is v a prime number?
True
Suppose 33*z = 20*z + 143039. Is z prime?
True
Suppose 0 = -0*i - 2*i - 84. Let a = -17 + 14. Let n = a - i. Is n a prime number?
False
Let v = 376 + 55. Suppose 2*d - 3*m = v, -5*m = -2 + 7. Suppose -d = -z + 103. Is z prime?
True
Is 97848/54 - -11*1 composite?
False
Let u be (0 - -1) + 25/5 + -4. Suppose 965 + 33 = u*t. Is t prime?
True
Let o(i) = i**2 + 3*i + 1. Let b be o(-4). Let r be 426/b*(7 + -2). Let k = 685 - r. Is k a prime number?
False
Suppose -2*m = -5*l + 165, -m - 1 = -4*l + 134. Let q(v) = v**3 + v**2 + 3*v + 3. Let z be q(3). Suppose -k = -z - l. Is k composite?
False
Let d be 5 + (-15)/(-6)*(-18)/15. Suppose -2*v - 643 = -5*t - v, v = -3*t + 389. Suppose -d*r - r = -t. Is r a prime number?
True
Suppose -3 + 15 = 6*y. Suppose y*a = 2*o + a - 2701, 0 = 3*a + 9. Is o prime?
False
Suppose -102*w = -98*w - 29012. Is w a composite number?
False
Let t be 7/(-14) - (-5529)/6. Let f = 1791 - t. Is f/6 - (-3 - 1) a composite number?
False
Let z = -1999 - -4208. Is z a composite number?
True
Suppose 18996 = 9*n - 21774. Let t = n + -2431. Is t a composite number?
False
Let t be (-4)/8*(1 + -1). Suppose t*h + 129 = -h + 4*z, h = -2*z - 123. Let n = h + 204. Is n a composite number?
False
Suppose -16*s + 8*s = -9728. Suppose -2*k + 4858 = 4*v, v + 3*k = 2*k + s. Is v prime?
True
Suppose 35 = -3*x + 2*x. Let r = 118 + x. Is r a composite number?
False
Let v = 24206 - 11413. Is v a composite number?
True
Let o = 905 - -8264. Is o prime?
False
Let v be 4/(-30) + 5/75*-118. Is 152 + 4/v*6 a prime number?
True
Suppose x = -3*a + 226, -a - 5*x + 19 = -47. Let b = 237 - a. Is b a composite number?
True
Let a = 31654 - 14495. Is a a composite number?
False
Suppose -s - 28 = 3*c + c, 2*s = 2*c + 4. Let n(p) = 56*p - 11. Let o(i) = -55*i + 11. Let d(l) = 2*n(l) + 3*o(l). Is d(c) a composite number?
True
Let a be -173 + 77 - (0 + -3). Let i(n) = -3*n**3 + 7*n**2 + 4*n + 6. Let b be i(-5). Let w = b - a. Is w composite?
True
Suppose -7393 = -18*h + 14*h + j, 3*h - 5*j - 5566 = 0. Is h prime?
True
Let k = 18430 + -6039. Is k composite?
False
Suppose 3*r + r + 19 = -3*o, -4*r + 2*o = -6. Is 314*(-3)/6*r prime?
True
Suppose 5*r - 23 = -2*d, -2*d + 4*r - 32 = -7*d. Suppose -j - d = -0*j, 2*s - 10830 = j. Is s a prime number?
True
Let b(j) = j - 1. Suppose -2*f + 3*g = -g - 6, -5*g = 0. Let p be b(f). Suppose p*t = 2*i - 430, 0*i + 4*i = -t + 840. Is i prime?
True
Let n(o) = -o**2 + 15*o + 19. Let h be n(16). Suppose -5*r + 313 = -r + 3*l, 2*r + h*l = 155. Is r prime?
True
Su